?
0
What is the millions digit of 17287377?
7
What is the thousands digit of 439145?
9
What is the ten thousands digit of 309047?
0
What is the thousands digit of 3404344?
4
What is the hundred thousands digit of 2897582?
8
What is the thousands digit of 838753?
8
What is the units digit of 4784230?
0
What is the hundreds digit of 450061?
0
What is the millions digit of 1306563?
1
What is the units digit of 4049453?
3
What is the hundreds digit of 1214203?
2
What is the hundred thousands digit of 116101?
1
What is the units digit of 485230?
0
What is the hundred thousands digit of 193555?
1
What is the ten thousands digit of 131394?
3
What is the hundred thousands digit of 3996276?
9
What is the units digit of 541021?
1
What is the units digit of 989283?
3
What is the ten thousands digit of 13867?
1
What is the tens digit of 460070?
7
What is the tens digit of 470214?
1
What is the ten millions digit of 14248206?
1
What is the hundred thousands digit of 630709?
6
What is the tens digit of 6261726?
2
What is the millions digit of 3664652?
3
What is the tens digit of 1219738?
3
What is the thousands digit of 2368750?
8
What is the millions digit of 21957991?
1
What is the tens digit of 312893?
9
What is the millions digit of 1642509?
1
What is the thousands digit of 1594350?
4
What is the tens digit of 685983?
8
What is the hundred thousands digit of 4146790?
1
What is the thousands digit of 280818?
0
What is the hundreds digit of 403093?
0
What is the units digit of 39180620?
0
What is the units digit of 32572?
2
What is the hundreds digit of 24114351?
3
What is the thousands digit of 30088233?
8
What is the millions digit of 10878949?
0
What is the hundred thousands digit of 24165694?
1
What is the tens digit of 1081645?
4
What is the tens digit of 117031?
3
What is the ten millions digit of 16028718?
1
What is the hundred thousands digit of 1087875?
0
What is the hundreds digit of 1380425?
4
What is the units digit of 979592?
2
What is the hundred thousands digit of 5454560?
4
What is the ten thousands digit of 14199985?
9
What is the ten thousands digit of 1462707?
6
What is the hundred thousands digit of 731202?
7
What is the hundred thousands digit of 3575202?
5
What is the ten thousands digit of 105912?
0
What is the ten thousands digit of 315184?
1
What is the tens digit of 80014?
1
What is the units digit of 4728452?
2
What is the hundreds digit of 29466625?
6
What is the hundred thousands digit of 415765?
4
What is the hundred thousands digit of 340699?
3
What is the units digit of 158428?
8
What is the hundred thousands digit of 1033639?
0
What is the hundred thousands digit of 125838?
1
What is the units digit of 41100291?
1
What is the thousands digit of 707896?
7
What is the ten thousands digit of 946914?
4
What is the tens digit of 10735987?
8
What is the hundreds digit of 199994?
9
What is the tens digit of 2649712?
1
What is the units digit of 679411?
1
What is the units digit of 6005688?
8
What is the ten thousands digit of 4239621?
3
What is the millions digit of 3558548?
3
What is the thousands digit of 551611?
1
What is the tens digit of 5199370?
7
What is the units digit of 179352?
2
What is the units digit of 172159?
9
What is the hundreds digit of 187241?
2
What is the hundred thousands digit of 1292331?
2
What is the hundreds digit of 246712?
7
What is the units digit of 1674971?
1
What is the hundreds digit of 37390?
3
What is the units digit of 3021594?
4
What is the units digit of 6650596?
6
What is the units digit of 345985?
5
What is the hundred thousands digit of 783956?
7
What is the tens digit of 131718?
1
What is the ten millions digit of 29274040?
2
What is the hundreds digit of 150382?
3
What is the tens digit of 40029?
2
What is the units digit of 18187095?
5
What is the millions digit of 16962283?
6
What is the units digit of 2796768?
8
What is the hundred thousands digit of 1329389?
3
What is the ten thousands digit of 534190?
3
What is the millions digit of 14988036?
4
What is the hundred thousands digit of 5362007?
3
What is the hundreds digit of 145876?
8
What is the hundreds digit of 5409763?
7
What is the units digit of 209867?
7
What is the units digit of 386961?
1
What is the hundred thousands digit of 176598?
1
What is the thousands digit of 6905000?
5
What is the thousands digit of 1780104?
0
What is the hundred thousands digit of 399023?
3
What is the hundred thousands digit of 125379?
1
What is the tens digit of 6240814?
1
What is the hundreds digit of 22762311?
3
What is the units digit of 247221?
1
What is the millions digit of 16707924?
6
What is the tens digit of 10307270?
7
What is the hundred thousands digit of 184861?
1
What is the tens digit of 1722?
2
What is the ten thousands digit of 505759?
0
What is the thousands digit of 240081?
0
What is the ten thousands digit of 227169?
2
What is the units digit of 809702?
2
What is the units digit of 1442620?
0
What is the hundreds digit of 695865?
8
What is the tens digit of 1078381?
8
What is the ten thousands digit of 463773?
6
What is the thousands digit of 2140588?
0
What is the tens digit of 3452000?
0
What is the units digit of 7149598?
8
What is the thousands digit of 333991?
3
What is the millions digit of 1587154?
1
What is the thousands digit of 3401407?
1
What is the thousands digit of 1088059?
8
What is the hundreds digit of 385104?
1
What is the hundred thousands digit of 2889654?
8
What is the hundred thousands digit of 366298?
3
What is the hundred thousands digit of 9422847?
4
What is the units digit of 7981304?
4
What is the thousands digit of 13820043?
0
What is the ten millions digit of 32251035?
3
What is the ten thousands digit of 302745?
0
What is the tens digit of 8610639?
3
What is the hundred thousands digit of 101457?
1
What is the ten thousands digit of 4283154?
8
What is the thousands digit of 3472066?
2
What is the units digit of 1961513?
3
What is the thousands digit of 2151847?
1
What is the hundreds digit of 18693495?
4
What is the units digit of 2988182?
2
What is the tens digit of 18721523?
2
What is the hundreds digit of 3625263?
2
What is the hundreds digit of 9728797?
7
What is the hundreds digit of 1115849?
8
What is the ten thousands digit of 12144574?
4
What is the ten thousands digit of 214291?
1
What is the ten thousands digit of 1888046?
8
What is the thousands digit of 2337787?
7
What is the thousands digit of 1663128?
3
What is the hundred thousands digit of 3681292?
6
What is the tens digit of 173106?
0
What is the tens digit of 37053?
5
What is the thousands digit of 846823?
6
What is the units digit of 11905973?
3
What is the millions digit of 23282147?
3
What is the hundreds digit of 278237?
2
What is the tens digit of 911581?
8
What is the ten thousands digit of 908654?
0
What is the hundreds digit of 2538?
5
What is the hundreds digit of 137499?
4
What is the hundreds digit of 87717?
7
What is the tens digit of 32659?
5
What is the units digit of 29334703?
3
What is the hundreds digit of 1742444?
4
What is the thousands digit of 425247?
5
What is the hundred thousands digit of 402758?
4
What is the ten thousands digit of 802813?
0
What is the thousands digit of 129764?
9
What is the millions digit of 13731887?
3
What is the hundreds digit of 495931?
9
What is the units digit of 165982?
2
What is the tens digit of 423868?
6
What is the ten thousands digit of 5133879?
3
What is the units digit of 15574?
4
What is the hundreds digit of 3489218?
2
What is the thousands digit of 190767?
0
What is the hundred thousands digit of 10715692?
7
What is the ten thousands digit of 698646?
9
What is the units digit of 12613296?
6
What is the units digit of 95980?
0
What is the hundred thousands digit of 284648?
2
What is the units digit of 131264?
4
What is the tens digit of 1507011?
1
What is the units digit of 208978?
8
What is the hundred thousands digit of 196994?
1
What is the millions digit of 2632249?
2
What is the units digit of 278658?
8
What is the hundred thousands digit of 1450314?
4
What is the tens digit of 843515?
1
What is the tens digit of 1246999?
9
What is the hundred thousands digit of 234264?
2
What is the hundred thousands digit of 3315284?
3
What is the tens digit of 1418787?
8
Wh